{"id":936,"date":"2021-01-05T14:10:10","date_gmt":"2021-01-05T13:10:10","guid":{"rendered":"https:\/\/www.steinkonservierung.com\/stiftung\/"},"modified":"2022-01-12T13:25:50","modified_gmt":"2022-01-12T12:25:50","slug":"stiftung","status":"publish","type":"page","link":"https:\/\/www.steinkonservierung.com\/fr\/stiftung\/","title":{"rendered":"Stiftung"},"content":{"rendered":"<section class=\"l-section wpb_row height_auto width_full\"><div class=\"l-section-h i-cf\"><div class=\"g-cols vc_row via_flex valign_top type_default stacking_default\"><div class=\"vc_col-sm-12 wpb_column vc_column_container\"><div class=\"vc_column-inner\"><div class=\"wpb_wrapper\">[rev_slider_vc alias=\u00a0\u00bbstart_fr\u00a0\u00bb]<\/div><\/div><\/div><\/div><\/div><\/section><section class=\"l-section wpb_row us_custom_f0ef12be height_auto\"><div class=\"l-section-h i-cf\"><div class=\"g-cols vc_row via_flex valign_top type_default stacking_default\"><div class=\"vc_col-sm-12 wpb_column vc_column_container\"><div class=\"vc_column-inner\"><div class=\"wpb_wrapper\"><div class=\"w-separator size_small\"><\/div><\/div><\/div><\/div><\/div><\/div><\/section><section class=\"l-section wpb_row us_custom_f0ef12be height_auto\"><div class=\"l-section-h i-cf\"><div class=\"g-cols vc_row via_flex valign_top type_default stacking_default\"><div class=\"vc_col-sm-12 wpb_column vc_column_container\"><div class=\"vc_column-inner\"><div class=\"wpb_wrapper\"><div class=\"w-separator size_small with_line width_default thick_1 style_solid color_border align_center with_text with_content\"><div class=\"w-separator-h\"><h2 class=\"w-separator-text\"><span>Fondation DENK-MAL<\/span><\/h2><\/div><\/div><\/div><\/div><\/div><\/div><\/div><\/section><section class=\"l-section wpb_row height_medium\"><div class=\"l-section-h i-cf\"><div class=\"g-cols vc_row via_flex valign_top type_default stacking_default\"><div class=\"vc_col-sm-3 wpb_column vc_column_container\"><div class=\"vc_column-inner\"><div class=\"wpb_wrapper\"><div class=\"w-image align_none\"><a title=\"denk-mal\" target=\"_blank\" rel=\"nofollow\" href=\"http:\/\/www.denk-mal-stiftung.com\/\" aria-label=\"Lien\" class=\"w-image-h\"><img width=\"148\" height=\"130\" src=\"https:\/\/www.steinkonservierung.com\/wp-content\/uploads\/Logo_gross.jpg\" class=\"attachment-large size-large\" alt=\"\" decoding=\"async\" loading=\"lazy\" srcset=\"https:\/\/www.steinkonservierung.com\/wp-content\/uploads\/Logo_gross.jpg 148w, https:\/\/www.steinkonservierung.com\/wp-content\/uploads\/Logo_gross-64x56.jpg 64w\" sizes=\"(max-width: 148px) 100vw, 148px\" \/><\/a><\/div><\/div><\/div><\/div><div class=\"vc_col-sm-9 wpb_column vc_column_container\"><div class=\"vc_column-inner\"><div class=\"wpb_wrapper\"><div class=\"wpb_text_column\"><div class=\"wpb_wrapper\"><p><strong>La voie vers l\u2019avenir.<\/strong><\/p>\n<p>Occasion de la cr\u00e9ation de la <a href=\"http:\/\/www.denk-mal-stiftung.com\/\">Fondation DENK-MAL<\/a>\u00a0:<\/p>\n<ul>\n<li>Conserver de mani\u00e8re indivis\u00e9e le patrimoine de l\u2019entreprise pour pouvoir continuer le travail dans le domaine de l\u2019entretien des monuments, pour le sauvetage d\u2019originaux en pierre.<\/li>\n<li>Motiver des citoyens et propri\u00e9taires de monuments int\u00e9ress\u00e9s, m\u00eame avec de petits montants, \u00e0 soutenir sous forme de dons (externes) la pr\u00e9servation de monuments historiques. La Fondation Denk-Mal est pr\u00eate \u00e0 attribuer l\u2019ensemble des dons \u00e0 l\u2019usage pr\u00e9vu sans d\u00e9penses administratives suppl\u00e9mentaires.<\/li>\n<li>La cr\u00e9ation de la Fondation a \u00e9t\u00e9 permise par le renoncement des trois enfants des fondateurs \u00e0 leur h\u00e9ritage sur le patrimoine de l\u2019entreprise car ils sont d\u2019avis que le proc\u00e9d\u00e9 de la conservation enti\u00e8re appartient \u00e0 la collectivit\u00e9.<\/li>\n<\/ul>\n<p>L\u2019objectif de la Fondation est la promotion de l\u2019entretien des monuments\u00a0:<\/p>\n<ol>\n<li>Octroi de moyens de recherche \u00e0 des instituts d\u2019\u00e9cole sup\u00e9rieure ou de recherche libres correspondants ou \u00e0 des \u00e9tablissements de recherche de la soci\u00e9t\u00e9 JBACH GmbH ayant son si\u00e8ge \u00e0 Bischberg\u00a0;<\/li>\n<li>Octroi d\u2019un prix pour prestations particuli\u00e8res dans le domaine de l\u2019entretien des monuments avec un intervalle de deux ans\u00a0;<\/li>\n<li>Promotion de mesures individuelles de la conservation de pierre sur des b\u00e2timents historiques et monuments de campagne\u00a0;<\/li>\n<li>Promotion de la recherche et promotion de projets individuels concernant la probl\u00e9matique des influences de l\u2019environnement et de la protection des monuments\u00a0;<\/li>\n<li>Promotion de la formation d\u2019une conscience d\u2019entretien des monuments par des projets de la fonction publique, comme par exemple organisation de conf\u00e9rences, s\u00e9minaires, excursions pour \u00e9coliers et adultes.<\/li>\n<\/ol>\n<\/div><\/div><\/div><\/div><\/div><\/div><\/div><\/section><div class=\"vc_col-sm-12 wpb_column vc_column_container\"><div class=\"vc_column-inner\"><div class=\"wpb_wrapper\"><\/div><\/div><\/div>\n","protected":false},"excerpt":{"rendered":"[rev_slider_vc alias=\"start_fr\"]Fondation DENK-MALLa voie vers l\u2019avenir. Occasion de la cr\u00e9ation de la Fondation DENK-MAL\u00a0: Conserver de mani\u00e8re indivis\u00e9e le patrimoine de l\u2019entreprise pour pouvoir continuer le travail dans le domaine de l\u2019entretien des monuments, pour le sauvetage d\u2019originaux en pierre. Motiver des citoyens et propri\u00e9taires de monuments int\u00e9ress\u00e9s, m\u00eame avec de petits montants, \u00e0 soutenir...","protected":false},"author":2,"featured_media":0,"parent":0,"menu_order":0,"comment_status":"closed","ping_status":"closed","template":"","meta":[],"_links":{"self":[{"href":"https:\/\/www.steinkonservierung.com\/fr\/wp-json\/wp\/v2\/pages\/936"}],"collection":[{"href":"https:\/\/www.steinkonservierung.com\/fr\/wp-json\/wp\/v2\/pages"}],"about":[{"href":"https:\/\/www.steinkonservierung.com\/fr\/wp-json\/wp\/v2\/types\/page"}],"author":[{"embeddable":true,"href":"https:\/\/www.steinkonservierung.com\/fr\/wp-json\/wp\/v2\/users\/2"}],"replies":[{"embeddable":true,"href":"https:\/\/www.steinkonservierung.com\/fr\/wp-json\/wp\/v2\/comments?post=936"}],"version-history":[{"count":3,"href":"https:\/\/www.steinkonservierung.com\/fr\/wp-json\/wp\/v2\/pages\/936\/revisions"}],"predecessor-version":[{"id":939,"href":"https:\/\/www.steinkonservierung.com\/fr\/wp-json\/wp\/v2\/pages\/936\/revisions\/939"}],"wp:attachment":[{"href":"https:\/\/www.steinkonservierung.com\/fr\/wp-json\/wp\/v2\/media?parent=936"}],"curies":[{"name":"wp","href":"https:\/\/api.w.org\/{rel}","templated":true}]}}

<section class="l-section wpb_row height_auto width_full"><div class="l-section-h i-cf"><div class="g-cols vc_row via_flex valign_top type_default stacking_default"><div class="vc_col-sm-12 wpb_column vc_column_container"><div class="vc_column-inner"><div class="wpb_wrapper">[rev_slider_vc alias= »start_fr »]</div></div></div></div></div></section><section class="l-section wpb_row us_custom_f0ef12be height_auto"><div class="l-section-h i-cf"><div class="g-cols vc_row via_flex valign_top type_default stacking_default"><div class="vc_col-sm-12 wpb_column vc_column_container"><div class="vc_column-inner"><div class="wpb_wrapper"><div class="w-separator size_small"></div></div></div></div></div></div></section><section class="l-section wpb_row us_custom_f0ef12be height_auto"><div class="l-section-h i-cf"><div class="g-cols vc_row via_flex valign_top type_default stacking_default"><div class="vc_col-sm-12 wpb_column vc_column_container"><div class="vc_column-inner"><div class="wpb_wrapper"><div class="w-separator size_small with_line width_default thick_1 style_solid color_border align_center with_text with_content"><div class="w-separator-h"><h2 class="w-separator-text"><span>Fondation DENK-MAL</span></h2></div></div></div></div></div></div></div></section><section class="l-section wpb_row height_medium"><div class="l-section-h i-cf"><div class="g-cols vc_row via_flex valign_top type_default stacking_default"><div class="vc_col-sm-3 wpb_column vc_column_container"><div class="vc_column-inner"><div class="wpb_wrapper"><div class="w-image align_none"><a title="denk-mal" target="_blank" rel="nofollow" href="http://www.denk-mal-stiftung.com/" aria-label="Lien" class="w-image-h"><img width="148" height="130" src="https://www.steinkonservierung.com/wp-content/uploads/Logo_gross.jpg" class="attachment-large size-large" alt="" decoding="async" loading="lazy" srcset="https://www.steinkonservierung.com/wp-content/uploads/Logo_gross.jpg 148w, https://www.steinkonservierung.com/wp-content/uploads/Logo_gross-64x56.jpg 64w" sizes="(max-width: 148px) 100vw, 148px" /></a></div></div></div></div><div class="vc_col-sm-9 wpb_column vc_column_container"><div class="vc_column-inner"><div class="wpb_wrapper"><div class="wpb_text_column"><div class="wpb_wrapper"><p><strong>La voie vers l’avenir.</strong></p>
<p>Occasion de la création de la <a href="http://www.denk-mal-stiftung.com/">Fondation DENK-MAL</a> :</p>
<ul>
<li>Conserver de manière indivisée le patrimoine de l’entreprise pour pouvoir continuer le travail dans le domaine de l’entretien des monuments, pour le sauvetage d’originaux en pierre.</li>
<li>Motiver des citoyens et propriétaires de monuments intéressés, même avec de petits montants, à soutenir sous forme de dons (externes) la préservation de monuments historiques. La Fondation Denk-Mal est prête à attribuer l’ensemble des dons à l’usage prévu sans dépenses administratives supplémentaires.</li>
<li>La création de la Fondation a été permise par le renoncement des trois enfants des fondateurs à leur héritage sur le patrimoine de l’entreprise car ils sont d’avis que le procédé de la conservation entière appartient à la collectivité.</li>
</ul>
<p>L’objectif de la Fondation est la promotion de l’entretien des monuments :</p>
<ol>
<li>Octroi de moyens de recherche à des instituts d’école supérieure ou de recherche libres correspondants ou à des établissements de recherche de la société JBACH GmbH ayant son siège à Bischberg ;</li>
<li>Octroi d’un prix pour prestations particulières dans le domaine de l’entretien des monuments avec un intervalle de deux ans ;</li>
<li>Promotion de mesures individuelles de la conservation de pierre sur des bâtiments historiques et monuments de campagne ;</li>
<li>Promotion de la recherche et promotion de projets individuels concernant la problématique des influences de l’environnement et de la protection des monuments ;</li>
<li>Promotion de la formation d’une conscience d’entretien des monuments par des projets de la fonction publique, comme par exemple organisation de conférences, séminaires, excursions pour écoliers et adultes.</li>
</ol>
</div></div></div></div></div></div></div></section><div class="vc_col-sm-12 wpb_column vc_column_container"><div class="vc_column-inner"><div class="wpb_wrapper"></div></div></div>

[rev_slider_vc alias="start_fr"]Fondation DENK-MALLa voie vers l’avenir. Occasion de la création de la Fondation DENK-MAL : Conserver de manière indivisée le patrimoine de l’entreprise pour pouvoir continuer le travail dans le domaine de l’entretien des monuments, pour le sauvetage d’originaux en pierre. Motiver des citoyens et propriétaires de monuments intéressés, même avec de petits montants, à soutenir...
